{"id":17458,"date":"2015-12-22T11:08:22","date_gmt":"2015-12-22T10:08:22","guid":{"rendered":"https:\/\/invee.ch\/?page_id=17458"},"modified":"2018-01-08T23:07:31","modified_gmt":"2018-01-08T22:07:31","slug":"disclaimer","status":"publish","type":"page","link":"https:\/\/invee.ch\/index.php\/disclaimer\/","title":{"rendered":"Disclaimer"},"content":{"rendered":"<div class=\"fusion-fullwidth fullwidth-box fusion-builder-row-1 hundred-percent-fullwidth non-hundred-percent-height-scrolling\" style=\"--awb-border-radius-top-left:0px;--awb-border-radius-top-right:0px;--awb-border-radius-bottom-right:0px;--awb-border-radius-bottom-left:0px;--awb-overflow:visible;--awb-flex-wrap:wrap;\" ><div class=\"fusion-builder-row fusion-row\"><div class=\"fusion-layout-column fusion_builder_column fusion-builder-column-0 fusion_builder_column_1_1 1_1 fusion-one-full fusion-column-first fusion-column-last fusion-column-no-min-height\" style=\"--awb-bg-size:cover;--awb-margin-bottom:0px;\"><div class=\"fusion-column-wrapper fusion-flex-column-wrapper-legacy\"><div class=\"fusion-text fusion-text-1\"><h1>Rechtliche Hinweise<\/h1>\n<\/div><div class=\"fusion-clearfix\"><\/div><\/div><\/div><div class=\"fusion-layout-column fusion_builder_column fusion-builder-column-1 fusion_builder_column_1_1 1_1 fusion-one-full fusion-column-first fusion-column-last\" style=\"--awb-bg-size:cover;\"><div class=\"fusion-column-wrapper fusion-flex-column-wrapper-legacy\"><div class=\"fusion-text fusion-text-2\"><h2>Gew\u00e4hrleistungs- und Haftungsausschluss<\/h2>\n<p>Die Aktualit\u00e4t der Informationen auf unseren Webseiten wird st\u00e4ndig \u00fcberpr\u00fcft.\u00a0 Dennoch ist, bei aller Sorgfalt, nicht auszuschliessen, dass sich Angaben zwischenzeitlich ge\u00e4ndert haben.<\/p>\n<p>Daher k\u00f6nnen wir keine Haftung oder Garantie f\u00fcr die Aktualit\u00e4t, Richtigkeit und Vollst\u00e4ndigkeit der zur Verf\u00fcgung gestellten Informationen \u00fcbernehmen. Ausgeschlossen wird auch die Haftung f\u00fcr Fehlleistungen des Internet (z.B. \u00dcbertragsunterbrechungen, Viren, fehlerhafte Komponenten, sch\u00e4dliche oder fehlerhafte Programme oder Programmteile etc.) sowie der Verlust von Daten, Programmen, Informationen und dergleichen.<\/p>\n<p class=\"paragraph_style_3\">Die invee AG ist nicht f\u00fcr den Inhalt und die Darstellung von anderen Webseiten verantwortlich, auf die mittels Hyperlink verwiesen wird. Wir weisen an dieser Stelle ausdr\u00fccklich darauf hin, dass die Nutzung und Benutzung der Links sowie der Besuch von Webseiten Dritter auf eigene Gefahr erfolgt und jegliche Haftung f\u00fcr Verlust oder Sch\u00e4den aller Art ausgeschlossen wird. Dar\u00fcber hinaus \u00fcbernehmen wir keine Haftung und keine Verantwortung f\u00fcr Informationen, Angebote, Inhalte und dergleichen auf den Webseiten Dritter, die per Link auf die invee-Seiten verweisen oder auf die verwiesen wurde.<\/p>\n<\/div><div class=\"fusion-clearfix\"><\/div><\/div><\/div><div class=\"fusion-layout-column fusion_builder_column fusion-builder-column-2 fusion_builder_column_1_1 1_1 fusion-one-full fusion-column-first fusion-column-last\" style=\"--awb-bg-size:cover;\"><div class=\"fusion-column-wrapper fusion-flex-column-wrapper-legacy\"><div class=\"fusion-text fusion-text-3\"><h2>Urheberrechte<\/h2>\n<p>Inhalt, Zusammenstellung, Struktur und Pr\u00e4sentation der invee Webseiten sind urheberrechtlich gesch\u00fctzt und geh\u00f6ren, wenn nicht ausdr\u00fccklich anders vermerkt, vollst\u00e4ndig und umfassend der invee AG.\u00a0 S\u00e4mtliche Eigentums- und Nutzungsrechte verbleiben bei der invee AG. Die vollst\u00e4ndige wie auch teil- oder auszugsweise Vervielf\u00e4ltigung, Verbreitung sowie Modifikation von Informationen oder Daten (Text, Bild, Grafik, Ton, Video oder Animationsdateien), ohne vorherige schriftliche Zustimmung der\u00a0invee\u00a0AG, ist untersagt.<\/p>\n<\/div><div class=\"fusion-clearfix\"><\/div><\/div><\/div><\/div><\/div>\n","protected":false},"excerpt":{"rendered":"","protected":false},"author":1,"featured_media":0,"parent":0,"menu_order":0,"comment_status":"closed","ping_status":"closed","template":"","meta":{"inline_featured_image":false,"footnotes":""},"class_list":["post-17458","page","type-page","status-publish","hentry"],"_links":{"self":[{"href":"https:\/\/invee.ch\/index.php\/wp-json\/wp\/v2\/pages\/17458","targetHints":{"allow":["GET"]}}],"collection":[{"href":"https:\/\/invee.ch\/index.php\/wp-json\/wp\/v2\/pages"}],"about":[{"href":"https:\/\/invee.ch\/index.php\/wp-json\/wp\/v2\/types\/page"}],"author":[{"embeddable":true,"href":"https:\/\/invee.ch\/index.php\/wp-json\/wp\/v2\/users\/1"}],"replies":[{"embeddable":true,"href":"https:\/\/invee.ch\/index.php\/wp-json\/wp\/v2\/comments?post=17458"}],"version-history":[{"count":6,"href":"https:\/\/invee.ch\/index.php\/wp-json\/wp\/v2\/pages\/17458\/revisions"}],"predecessor-version":[{"id":17804,"href":"https:\/\/invee.ch\/index.php\/wp-json\/wp\/v2\/pages\/17458\/revisions\/17804"}],"wp:attachment":[{"href":"https:\/\/invee.ch\/index.php\/wp-json\/wp\/v2\/media?parent=17458"}],"curies":[{"name":"wp","href":"https:\/\/api.w.org\/{rel}","templated":true}]}}