{"id":16595,"date":"2015-10-27T13:29:54","date_gmt":"2015-10-27T11:29:54","guid":{"rendered":"http:\/\/icodesign.icodesign.ch\/?page_id=16595"},"modified":"2025-03-24T11:33:00","modified_gmt":"2025-03-24T10:33:00","slug":"invee-ag-2","status":"publish","type":"page","link":"https:\/\/invee.ch\/index.php\/invee-ag-2\/","title":{"rendered":"invee AG"},"content":{"rendered":"<p><div id=\"unternehmen\" class=\"fusion-container-anchor\"><div class=\"fusion-fullwidth fullwidth-box fusion-builder-row-1 nonhundred-percent-fullwidth non-hundred-percent-height-scrolling\" style=\"--awb-background-position:left top;--awb-border-sizes-top:0px;--awb-border-sizes-bottom:0px;--awb-border-sizes-left:0px;--awb-border-sizes-right:0px;--awb-border-radius-top-left:0px;--awb-border-radius-top-right:0px;--awb-border-radius-bottom-right:0px;--awb-border-radius-bottom-left:0px;--awb-padding-top:60px;--awb-padding-bottom:40px;--awb-flex-wrap:wrap;\" ><div class=\"fusion-builder-row fusion-row\"><div class=\"fusion-layout-column fusion_builder_column fusion-builder-column-0 fusion_builder_column_1_1 1_1 fusion-one-full fusion-column-first fusion-column-last fusion-column-no-min-height\" style=\"--awb-bg-size:cover;--awb-margin-bottom:0px;\"><div class=\"fusion-column-wrapper fusion-flex-column-wrapper-legacy\"><div class=\"fusion-text fusion-text-1\"><h2 class=\"cms-heading-inner\" style=\"font-size: 30px; color: #4b4e53; line-height: 36px; text-align: left; font-family: Open Sans; font-weight: 300; font-style: normal; text-transform: uppercase;\">Das <span style=\"font-weight: 700 !important;\">Unternehmen<\/span><\/h2>\n<\/div><div class=\"fusion-sep-clear\"><\/div><div class=\"fusion-separator fusion-full-width-sep\" style=\"margin-left: auto;margin-right: auto;margin-bottom:30px;width:100%;\"><\/div><div class=\"fusion-sep-clear\"><\/div><div class=\"fusion-clearfix\"><\/div><\/div><\/div><div class=\"fusion-layout-column fusion_builder_column fusion-builder-column-1 fusion_builder_column_1_1 1_1 fusion-one-full fusion-column-first fusion-column-last\" style=\"--awb-bg-size:cover;\"><div class=\"fusion-column-wrapper fusion-flex-column-wrapper-legacy\"><div class=\"fusion-sep-clear\"><\/div><div class=\"fusion-separator fusion-full-width-sep\" style=\"margin-left: auto;margin-right: auto;margin-bottom:20px;width:100%;\"><\/div><div class=\"fusion-sep-clear\"><\/div><div class=\"fusion-text fusion-text-2\" style=\"--awb-text-transform:none;\"><p>Die invee AG nimmt in Ihren Projekten besondere R\u00fccksicht auf Aspekte von Ver\u00e4nderungen in Arbeits- und Denkweisen der Menschen.<\/p>\n<p>Durch den starken Einbezug des Managements und der Mitarbeitenden schafft invee die Basis f\u00fcr nachhaltige Erfolge.<\/p>\n<p>invee unterst\u00fctzt und begleitet Unternehmen in Transformations- und Organisationsprojekten.<br \/>\nIn Strategieprojekten und Implementierung von neuen Prozessen begleitet invee ihre Kunden auch auf Bereichsebene. Hierbei legt invee besonderen Wert auf des Change Management und der Teambildung im Kontext der Inhalte.<\/p>\n<p>Das Unternehmen wurde in 2010 von Stefan Schenk und Dr. Sven von Dombrowski gegr\u00fcndet. Beide bringen mehrere Jahre Erfahrung aus der Managementberatung und der Industrie sowie der IT im Finanzdienstleistungssektor mit und vereinen betriebswirtschaftliche, technische und psychologische Kompetenzen unter einem Dach.<\/p>\n<\/div><div class=\"fusion-clearfix\"><\/div><\/div><\/div><\/div><\/div><\/div><div id=\"philosophie\" class=\"fusion-container-anchor\"><div class=\"fusion-fullwidth fullwidth-box fusion-builder-row-2 nonhundred-percent-fullwidth non-hundred-percent-height-scrolling\" style=\"--awb-background-position:left top;--awb-border-sizes-top:0px;--awb-border-sizes-bottom:0px;--awb-border-sizes-left:0px;--awb-border-sizes-right:0px;--awb-border-radius-top-left:0px;--awb-border-radius-top-right:0px;--awb-border-radius-bottom-right:0px;--awb-border-radius-bottom-left:0px;--awb-padding-top:60px;--awb-padding-bottom:20px;--awb-background-color:#ffffff;--awb-flex-wrap:wrap;\" ><div class=\"fusion-builder-row fusion-row\"><div class=\"fusion-layout-column fusion_builder_column fusion-builder-column-2 fusion_builder_column_1_1 1_1 fusion-one-full fusion-column-first fusion-column-last fusion-animated\" style=\"--awb-bg-size:cover;\" data-animationType=\"fadeInLeft\" data-animationDuration=\"0.9\" data-animationOffset=\"top-into-view\"><div class=\"fusion-column-wrapper fusion-flex-column-wrapper-legacy\"><div class=\"fusion-text fusion-text-3\"><h2 class=\"cms-heading-inner\" style=\"font-size: 30px; color: #4b4e53; line-height: 36px; text-align: left; font-family: Open Sans; font-weight: 300; font-style: normal; text-transform: uppercase;\">Unsere <span style=\"font-weight: 700 !important;\">PHILOSOPHIE<\/span><\/h2>\n<\/div><div class=\"fusion-sep-clear\"><\/div><div class=\"fusion-separator fusion-full-width-sep\" style=\"margin-left: auto;margin-right: auto;margin-bottom:30px;width:100%;\"><\/div><div class=\"fusion-sep-clear\"><\/div><div class=\"fusion-clearfix\"><\/div><\/div><\/div><div class=\"fusion-layout-column fusion_builder_column fusion-builder-column-3 fusion_builder_column_2_3 2_3 fusion-two-third fusion-column-first fusion-animated\" style=\"--awb-bg-size:cover;width:65.3333%; margin-right: 4%;\" data-animationType=\"fadeInLeft\" data-animationDuration=\"0.9\" data-animationOffset=\"top-into-view\"><div class=\"fusion-column-wrapper fusion-flex-column-wrapper-legacy\"><div class=\"fusion-text fusion-text-4\"><h2 style=\"text-align: left;\">DAS V-PRINZIP<\/h2>\n<p style=\"text-align: left;\">Das Wesen des V-Prinzips ist das strukturiert systemische Hinf\u00fchren zu einem tiefen Verst\u00e4ndnis des relevanten Themas (Sehen, was wirklich ist) und darauf aufbauend das pragmatische Erarbeiten und nachhaltige Etablieren einer neuen L\u00f6sung (Tun, was wirklich bewegt).<br \/>\nDieses Vorgehen hat sich auf Basis unserer Beratungs- und Praxiserfahrung herausgebildet.<br \/>\nIn Projekten, in denen es um nachhaltige Ver\u00e4nderungen geht, sind die Schritte des V-Prinzips essentiell.<\/p>\n<\/div><div class=\"fusion-clearfix\"><\/div><\/div><\/div><div class=\"fusion-layout-column fusion_builder_column fusion-builder-column-4 fusion_builder_column_1_3 1_3 fusion-one-third fusion-column-last fusion-animated\" style=\"--awb-bg-size:cover;width:30.6666%;\" data-animationType=\"fadeInLeft\" data-animationDuration=\"0.9\" data-animationOffset=\"top-into-view\"><div class=\"fusion-column-wrapper fusion-flex-column-wrapper-legacy\"><div class=\"fusion-sep-clear\"><\/div><div class=\"fusion-separator fusion-full-width-sep\" style=\"margin-left: auto;margin-right: auto;margin-bottom:30px;width:100%;\"><\/div><div class=\"fusion-sep-clear\"><\/div><div class=\"fusion-image-element in-legacy-container\" style=\"--awb-caption-title-font-family:var(--h2_typography-font-family);--awb-caption-title-font-weight:var(--h2_typography-font-weight);--awb-caption-title-font-style:var(--h2_typography-font-style);--awb-caption-title-size:var(--h2_typography-font-size);--awb-caption-title-transform:var(--h2_typography-text-transform);--awb-caption-title-line-height:var(--h2_typography-line-height);--awb-caption-title-letter-spacing:var(--h2_typography-letter-spacing);\"><span class=\" fusion-imageframe imageframe-none imageframe-1 hover-type-zoomin no fusion-animated\" data-animationType=\"fadeInLeft\" data-animationDuration=\"0.9\" data-animationOffset=\"top-into-view\"><a href=\"https:\/\/invee.ch\/\/\/\/wp-content\/uploads\/2015\/10\/invee_V-Prinzip_hochaufloesend.png\" class=\"fusion-lightbox\" data-rel=\"iLightbox[17d6be6428e0918ed75]\"><img decoding=\"async\" alt=\"Das V-Prinzip\" src=\"https:\/\/invee.ch\/\/\/\/wp-content\/uploads\/2015\/10\/invee_V-Prinzip_hochaufloesend.png\" class=\"img-responsive\"\/><\/a><\/span><\/div><div class=\"fusion-clearfix\"><\/div><\/div><\/div><div class=\"fusion-layout-column fusion_builder_column fusion-builder-column-5 fusion_builder_column_1_1 1_1 fusion-one-full fusion-column-first fusion-column-last fusion-animated\" style=\"--awb-bg-size:cover;\" data-animationType=\"fadeInLeft\" data-animationDuration=\"0.9\" data-animationOffset=\"top-into-view\"><div class=\"fusion-column-wrapper fusion-flex-column-wrapper-legacy\"><div class=\"fusion-text fusion-text-5\"><h2>Der Beratungsansatz<\/h2>\n<p>Wir haben uns das Ziel gesetzt, durch unsere Beratungsarbeit ein Bewusstsein f\u00fcr Wirkungszusammenh\u00e4nge zu schaffen und durch schrittweises Lernen Ver\u00e4nderung zu erm\u00f6glichen.<br \/>\nDie Menschen, ihre F\u00e4higkeiten und ihre Wirkung in einer Organisation entscheiden letztendlich \u00fcber Erfolg und Misserfolg von Unternehmungen. Der Einbezug des Menschen in die Beratungsarbeit und in die Beschreibung der L\u00f6sung nimmt besondere R\u00fccksicht auf diesen Umstand.<br \/>\nDie invee Beratung setzt auf eine tiefe Verankerung der L\u00f6sungen in den Organisationen und die Schaffung eines Selbstverst\u00e4ndnisses bei den Menschen, welche den Motor f\u00fcr eine gelebte und akzeptierte Ver\u00e4nderung bilden. Hierbei ber\u00fccksichtigen wir das V-Prinzip als den \u201egr\u00fcnen\u201c Faden unseres Beratungsansatzes.<\/p>\n<\/div><div class=\"fusion-clearfix\"><\/div><\/div><\/div><\/div><\/div><\/div><div id=\"geschaeftsleitung\" class=\"fusion-container-anchor\"><div class=\"fusion-fullwidth fullwidth-box fusion-builder-row-3 nonhundred-percent-fullwidth non-hundred-percent-height-scrolling\" style=\"--awb-background-position:left top;--awb-border-sizes-top:0px;--awb-border-sizes-bottom:0px;--awb-border-sizes-left:0px;--awb-border-sizes-right:0px;--awb-border-radius-top-left:0px;--awb-border-radius-top-right:0px;--awb-border-radius-bottom-right:0px;--awb-border-radius-bottom-left:0px;--awb-padding-top:60px;--awb-padding-bottom:20px;--awb-background-color:#ffffff;--awb-flex-wrap:wrap;\" ><div class=\"fusion-builder-row fusion-row\"><div class=\"fusion-layout-column fusion_builder_column fusion-builder-column-6 fusion_builder_column_1_1 1_1 fusion-one-full fusion-column-first fusion-column-last fusion-animated\" style=\"--awb-bg-size:cover;\" data-animationType=\"fadeInLeft\" data-animationDuration=\"0.9\" data-animationOffset=\"top-into-view\"><div class=\"fusion-column-wrapper fusion-flex-column-wrapper-legacy\"><div class=\"fusion-text fusion-text-6\" style=\"--awb-text-transform:none;\"><h2 class=\"cms-heading-inner\" style=\"font-size: 30px; color: #4b4e53; line-height: 36px; text-align: left; font-family: Open Sans; font-weight: 300; font-style: normal; text-transform: uppercase;\">DIE <span style=\"font-weight: 700 !important;\">GR\u00dcNDER<\/span><\/h2>\n<\/div><div class=\"fusion-sep-clear\"><\/div><div class=\"fusion-separator fusion-full-width-sep\" style=\"margin-left: auto;margin-right: auto;margin-bottom:30px;width:100%;\"><\/div><div class=\"fusion-sep-clear\"><\/div><div class=\"fusion-clearfix\"><\/div><\/div><\/div><div class=\"fusion-layout-column fusion_builder_column fusion-builder-column-7 fusion_builder_column_1_3 1_3 fusion-one-third fusion-column-first fusion-animated\" style=\"--awb-bg-size:cover;width:30.6666%; margin-right: 4%;\" data-animationType=\"fadeInLeft\" data-animationDuration=\"0.9\" data-animationOffset=\"top-into-view\"><div class=\"fusion-column-wrapper fusion-flex-column-wrapper-legacy\"><div class=\"fusion-image-element in-legacy-container\" style=\"--awb-caption-title-font-family:var(--h2_typography-font-family);--awb-caption-title-font-weight:var(--h2_typography-font-weight);--awb-caption-title-font-style:var(--h2_typography-font-style);--awb-caption-title-size:var(--h2_typography-font-size);--awb-caption-title-transform:var(--h2_typography-text-transform);--awb-caption-title-line-height:var(--h2_typography-line-height);--awb-caption-title-letter-spacing:var(--h2_typography-letter-spacing);\"><span class=\" fusion-imageframe imageframe-none imageframe-2 hover-type-none no\"><a class=\"fusion-no-lightbox\" href=\"https:\/\/invee.ch\/index.php\/invee-ag-2\/dr-sven-von-dombrowski-2\/\" target=\"_self\" aria-label=\"IMG_0613 2\"><img decoding=\"async\" width=\"2218\" height=\"1664\" src=\"https:\/\/invee.ch\/wp-content\/uploads\/2022\/05\/IMG_0613-2.jpeg\" alt class=\"img-responsive wp-image-17743\" srcset=\"https:\/\/invee.ch\/wp-content\/uploads\/2022\/05\/IMG_0613-2-200x150.jpeg 200w, https:\/\/invee.ch\/wp-content\/uploads\/2022\/05\/IMG_0613-2-400x300.jpeg 400w, https:\/\/invee.ch\/wp-content\/uploads\/2022\/05\/IMG_0613-2-600x450.jpeg 600w, https:\/\/invee.ch\/wp-content\/uploads\/2022\/05\/IMG_0613-2-800x600.jpeg 800w, https:\/\/invee.ch\/wp-content\/uploads\/2022\/05\/IMG_0613-2-1200x900.jpeg 1200w, https:\/\/invee.ch\/wp-content\/uploads\/2022\/05\/IMG_0613-2.jpeg 2218w\" sizes=\"(max-width: 800px) 100vw, 400px\" \/><\/a><\/span><\/div><div class=\"fusion-sep-clear\"><\/div><div class=\"fusion-separator fusion-full-width-sep\" style=\"margin-left: auto;margin-right: auto;margin-top:25px;width:100%;\"><\/div><div class=\"fusion-sep-clear\"><\/div><div class=\"fusion-text fusion-text-7\"><p style=\"text-align: center;\"><span class=\"person-name_\"><a href=\"https:\/\/invee.ch\/index.php\/invee-ag-2\/dr-sven-von-dombrowski-2\/\">DR. SVEN VON DOMBROWSKI<\/a><\/span><br \/>\n<span class=\"person-title_\">GR\u00dcNDER UND GESCH\u00c4FTSF\u00dcHRER<\/span><\/p>\n<\/div><div class=\"fusion-clearfix\"><\/div><\/div><\/div><div class=\"fusion-layout-column fusion_builder_column fusion-builder-column-8 fusion_builder_column_1_3 1_3 fusion-one-third fusion-animated\" style=\"--awb-bg-size:cover;width:30.6666%; margin-right: 4%;\" data-animationType=\"fadeInLeft\" data-animationDuration=\"0.9\" data-animationOffset=\"top-into-view\"><div class=\"fusion-column-wrapper fusion-flex-column-wrapper-legacy\"><div class=\"fusion-image-element in-legacy-container\" style=\"--awb-caption-title-font-family:var(--h2_typography-font-family);--awb-caption-title-font-weight:var(--h2_typography-font-weight);--awb-caption-title-font-style:var(--h2_typography-font-style);--awb-caption-title-size:var(--h2_typography-font-size);--awb-caption-title-transform:var(--h2_typography-text-transform);--awb-caption-title-line-height:var(--h2_typography-line-height);--awb-caption-title-letter-spacing:var(--h2_typography-letter-spacing);\"><span class=\" fusion-imageframe imageframe-none imageframe-3 hover-type-none no\"><a class=\"fusion-no-lightbox\" href=\"https:\/\/invee.ch\/index.php\/invee-ag-2\/stefan-schenk-2\/\" target=\"_self\" aria-label=\"IMG_0567-2-400&#215;300\"><img decoding=\"async\" width=\"400\" height=\"300\" src=\"https:\/\/invee.ch\/wp-content\/uploads\/2022\/11\/IMG_0567-2-400x300-1.png\" alt class=\"img-responsive wp-image-17775\" srcset=\"https:\/\/invee.ch\/wp-content\/uploads\/2022\/11\/IMG_0567-2-400x300-1-200x150.png 200w, https:\/\/invee.ch\/wp-content\/uploads\/2022\/11\/IMG_0567-2-400x300-1.png 400w\" sizes=\"(max-width: 800px) 100vw, 400px\" \/><\/a><\/span><\/div><div class=\"fusion-sep-clear\"><\/div><div class=\"fusion-separator fusion-full-width-sep\" style=\"margin-left: auto;margin-right: auto;margin-top:25px;width:100%;\"><\/div><div class=\"fusion-sep-clear\"><\/div><div class=\"fusion-text fusion-text-8\"><p style=\"text-align: center;\"><span class=\"person-name_\"><a href=\"https:\/\/invee.ch\/index.php\/invee-ag-2\/stefan-schenk-2\/\">STEFAN SCHENK<\/a><\/span><br \/>\n<span class=\"person-title_\">GR\u00dcNDER UND GESCH\u00c4FTSF\u00dcHRER<\/span><\/p>\n<\/div><div class=\"fusion-clearfix\"><\/div><\/div><\/div><\/div><\/div><\/div><div id=\"stellen\" class=\"fusion-container-anchor\"><div class=\"fusion-fullwidth fullwidth-box fusion-builder-row-4 nonhundred-percent-fullwidth non-hundred-percent-height-scrolling\" style=\"--awb-background-position:left top;--awb-border-sizes-top:0px;--awb-border-sizes-bottom:0px;--awb-border-sizes-left:0px;--awb-border-sizes-right:0px;--awb-border-radius-top-left:0px;--awb-border-radius-top-right:0px;--awb-border-radius-bottom-right:0px;--awb-border-radius-bottom-left:0px;--awb-padding-top:60px;--awb-padding-bottom:20px;--awb-background-color:#ffffff;--awb-flex-wrap:wrap;\" ><div class=\"fusion-builder-row fusion-row\"><div class=\"fusion-layout-column fusion_builder_column fusion-builder-column-9 fusion_builder_column_1_1 1_1 fusion-one-full fusion-column-first fusion-column-last fusion-animated\" style=\"--awb-bg-size:cover;\" data-animationType=\"fadeInLeft\" data-animationDuration=\"0.9\" data-animationOffset=\"top-into-view\"><div class=\"fusion-column-wrapper fusion-flex-column-wrapper-legacy\"><div class=\"fusion-text fusion-text-9\"><h2 class=\"cms-heading-inner\" style=\"font-size: 30px; color: #4b4e53; line-height: 36px; text-align: left; font-family: Open Sans; font-weight: 300; font-style: normal; text-transform: uppercase;\">Offene <span style=\"font-weight: 700 !important;\">Stellen<\/span><\/h2>\n<\/div><div class=\"fusion-sep-clear\"><\/div><div class=\"fusion-separator fusion-full-width-sep\" style=\"margin-left: auto;margin-right: auto;margin-bottom:30px;width:100%;\"><\/div><div class=\"fusion-sep-clear\"><\/div><div class=\"fusion-text fusion-text-10\" style=\"--awb-text-transform:none;\"><p>Wir sind eine etablierte Unternehmensberatung, die gezielt aber moderat in den n\u00e4chsten Jahren ihr Leistungsangebot weiter ausbauen will.<br \/>\nDazu suchen wir erfahrene und engagierte Mitarbeiterinnen und Mitarbeiter, die mit uns die Begeisterung f\u00fcr die Gestaltung von Unternehmen teilen, und bestrebt sind, in den Projekten die Erwartungen unserer Kunden zu \u00fcbertreffen.<\/p>\n<\/div><div class=\"fusion-text fusion-text-11\" style=\"--awb-text-transform:none;\"><h2><strong>Wir suchen:<\/strong><\/h2>\n<ul>\n<li><a href=\"https:\/\/invee.ch\/\/\/\/wp-content\/uploads\/2015\/10\/SMC-Stellenanzeige-160219-V1.pdf\" target=\"_blank\" rel=\"noopener noreferrer\">Senior Management Consultant (m\/w, 100%)<\/a><\/li>\n<li><a href=\"https:\/\/invee.ch\/\/\/\/wp-content\/uploads\/2015\/10\/Consultant-Stellenanzeige-160219-v3.pdf\" target=\"_blank\" rel=\"noopener noreferrer\">Consultant (m\/w, 100%<\/a>)<\/li>\n<\/ul>\n<p>Haben wir Ihr Interesse geweckt?<br \/>\nWir freuen uns auf Ihre Bewerbungsunterlagen, die Sie uns gerne elektronisch an\u00a0<a href=\"mailto:job@invee.ch\">job@invee.ch<\/a>\u00a0schicken k\u00f6nnen.<\/p>\n<\/div><div class=\"fusion-clearfix\"><\/div><\/div><\/div><div class=\"fusion-layout-column fusion_builder_column fusion-builder-column-10 fusion_builder_column_1_1 1_1 fusion-one-full fusion-column-first fusion-column-last fusion-animated\" style=\"--awb-bg-size:cover;\" data-animationType=\"fadeInRight\" data-animationDuration=\"0.9\" data-animationOffset=\"top-into-view\"><div class=\"fusion-column-wrapper fusion-flex-column-wrapper-legacy\"><div class=\"fusion-clearfix\"><\/div><\/div><\/div><\/div><\/div><\/div><div class=\"fusion-fullwidth fullwidth-box fusion-builder-row-5 nonhundred-percent-fullwidth non-hundred-percent-height-scrolling contact-info-banner\" style=\"--awb-background-position:left top;--awb-border-sizes-top:0px;--awb-border-sizes-bottom:0px;--awb-border-sizes-left:0px;--awb-border-sizes-right:0px;--awb-border-radius-top-left:0px;--awb-border-radius-top-right:0px;--awb-border-radius-bottom-right:0px;--awb-border-radius-bottom-left:0px;--awb-padding-top:50px;--awb-padding-bottom:50px;--awb-background-color:#eeeeee;--awb-flex-wrap:wrap;\" ><div class=\"fusion-builder-row fusion-row\"><div class=\"fusion-layout-column fusion_builder_column fusion-builder-column-11 fusion_builder_column_1_3 1_3 fusion-one-third fusion-column-first\" style=\"--awb-bg-size:cover;width:30.6666%; margin-right: 4%;\"><div class=\"fusion-column-wrapper fusion-flex-column-wrapper-legacy\"><ul style=\"--awb-size:35px;--awb-iconcolor:#aaabad;--awb-line-height:59.5px;--awb-icon-width:59.5px;--awb-icon-height:59.5px;--awb-icon-margin:24.5px;--awb-content-margin:84px;\" class=\"fusion-checklist fusion-checklist-1 fusion-checklist-default type-icons\"><li class=\"fusion-li-item\" style=\"\"><span class=\"icon-wrapper circle-no\"><i class=\"fusion-li-icon fa-map far\" aria-hidden=\"true\"><\/i><\/span><div class=\"fusion-li-item-content\">\n<h3 class=\"contact-info-title\">ADRESSE<\/h3>\n<p class=\"contact-info-content\">WEITE GASSE 14<br \/>\n5400 BADEN<\/p>\n<\/div><\/li><\/ul><div class=\"fusion-clearfix\"><\/div><\/div><\/div><div class=\"fusion-layout-column fusion_builder_column fusion-builder-column-12 fusion_builder_column_1_3 1_3 fusion-one-third\" style=\"--awb-bg-size:cover;width:30.6666%; margin-right: 4%;\"><div class=\"fusion-column-wrapper fusion-flex-column-wrapper-legacy\"><ul style=\"--awb-size:35px;--awb-iconcolor:#aaabad;--awb-line-height:59.5px;--awb-icon-width:59.5px;--awb-icon-height:59.5px;--awb-icon-margin:24.5px;--awb-content-margin:84px;\" class=\"fusion-checklist fusion-checklist-2 fusion-checklist-default type-icons\"><li class=\"fusion-li-item\" style=\"\"><span class=\"icon-wrapper circle-no\"><i class=\"fusion-li-icon fa-envelope far\" aria-hidden=\"true\"><\/i><\/span><div class=\"fusion-li-item-content\">\n<h3 class=\"contact-info-title\">EMAIL<\/h3>\n<p class=\"contact-info-content\">INFO(at)INVEE.CH<\/p>\n<\/div><\/li><\/ul><div class=\"fusion-clearfix\"><\/div><\/div><\/div><div class=\"fusion-layout-column fusion_builder_column fusion-builder-column-13 fusion_builder_column_1_3 1_3 fusion-one-third fusion-column-last\" style=\"--awb-bg-size:cover;width:30.6666%;\"><div class=\"fusion-column-wrapper fusion-flex-column-wrapper-legacy\"><ul style=\"--awb-size:35px;--awb-iconcolor:#aaabad;--awb-line-height:59.5px;--awb-icon-width:59.5px;--awb-icon-height:59.5px;--awb-icon-margin:24.5px;--awb-content-margin:84px;\" class=\"fusion-checklist fusion-checklist-3 fusion-checklist-default type-icons\"><li class=\"fusion-li-item\" style=\"\"><span class=\"icon-wrapper circle-no\"><i class=\"fusion-li-icon fa fa-mobile\" aria-hidden=\"true\"><\/i><\/span><div class=\"fusion-li-item-content\">\n<h3 class=\"contact-info-title\">TELEFON \/ FAX<\/h3>\n<p class=\"contact-info-content\">T: +41 56 288 10 04<br \/>\nF: +41 56 288 10 05<\/p>\n<\/div><\/li><\/ul><div class=\"fusion-clearfix\"><\/div><\/div><\/div><\/div><\/div>\n<\/p>\n","protected":false},"excerpt":{"rendered":"","protected":false},"author":1,"featured_media":0,"parent":0,"menu_order":0,"comment_status":"closed","ping_status":"closed","template":"100-width.php","meta":{"inline_featured_image":false,"footnotes":""},"class_list":["post-16595","page","type-page","status-publish","hentry"],"_links":{"self":[{"href":"https:\/\/invee.ch\/index.php\/wp-json\/wp\/v2\/pages\/16595","targetHints":{"allow":["GET"]}}],"collection":[{"href":"https:\/\/invee.ch\/index.php\/wp-json\/wp\/v2\/pages"}],"about":[{"href":"https:\/\/invee.ch\/index.php\/wp-json\/wp\/v2\/types\/page"}],"author":[{"embeddable":true,"href":"https:\/\/invee.ch\/index.php\/wp-json\/wp\/v2\/users\/1"}],"replies":[{"embeddable":true,"href":"https:\/\/invee.ch\/index.php\/wp-json\/wp\/v2\/comments?post=16595"}],"version-history":[{"count":8,"href":"https:\/\/invee.ch\/index.php\/wp-json\/wp\/v2\/pages\/16595\/revisions"}],"predecessor-version":[{"id":17810,"href":"https:\/\/invee.ch\/index.php\/wp-json\/wp\/v2\/pages\/16595\/revisions\/17810"}],"wp:attachment":[{"href":"https:\/\/invee.ch\/index.php\/wp-json\/wp\/v2\/media?parent=16595"}],"curies":[{"name":"wp","href":"https:\/\/api.w.org\/{rel}","templated":true}]}}